and 304.
16
Let q(j) = -4 + 3*j**2 + j + j - 9*j**2 + 7*j**2. Let m be q(-8). Calculate the highest common divisor of m and 66.
22
Let u(b) be the second derivative of b**3/2 - 4*b**2 + b. Let k = -39 + 45. Let x be u(k). What is the greatest common divisor of x and 5?
5
Let r(w) = -22*w - 8. Let o be r(-7). Let j = 8 + o. Let n be ((-3)/2)/(6/224*-4). Calculate the highest common factor of n and j.
14
Let j = -934 + 935. Calculate the greatest common factor of 107 and j.
1
Let y = -9 - -11. Suppose 5*d + 5 = 4*w + w, y*d - 4*w = -4. Suppose 8 = q - d*q. What is the greatest common factor of 24 and q?
8
Suppose 11*i + 24 = 19*i. Let y be (i - 44/16)/((-1)/(-4)). Calculate the highest common factor of 4 and y.
1
Suppose 6 = u + 34. Let g be 8/28 + (-132)/u. Calculate the highest common divisor of g and 35.
5
Let w = -58 - -62. Suppose -w*u = m - 188, 4*u - 21 = -2*m + 363. What is the greatest common factor of m and 28?
28
Let r(q) = 22*q**2 + 10*q + 8. Let p be r(-3). What is the greatest common divisor of p and 32?
16
Let d = 170 - 160. What is the greatest common factor of d and 110?
10
Suppose -2*d = -2*h + 342, 3*h = 5*h + 3*d - 327. Calculate the highest common factor of h and 24.
24
Suppose -5*x + 6577 = 5*u + 2072, -3602 = -4*x - 2*u. What is the greatest common divisor of x and 36?
36
Let m(v) = -v**3 + 14*v**2 + 20*v - 5. Let p be m(15). Let j = 256 + -246. What is the highest common factor of p and j?
10
Let y = -1047 - -2001. What is the highest common factor of 212 and y?
106
Let c = -178 - -198. Calculate the highest common factor of 140 and c.
20
Let p = 38 + -45. Let a be (-21)/p + 0/(-2) + 1. What is the greatest common factor of 4 and a?
4
Let j(y) = 16*y + 31. Let d be j(-1). Calculate the highest common factor of d and 65.
5
Suppose -23*a = 2806 - 11270. What is the greatest common factor of a and 32?
16
Suppose 10*b - 10 = 5*b. Let l = 18 - 13. Let c = l - -3. What is the greatest common factor of b and c?
2
Let l(g) = g**3 - 5*g**2 - 11*g + 9. Let f be (-6)/15 - (-74)/10. Let o be l(f). Let s = -1442 - -1448. Calculate the highest common divisor of o and s.
6
Suppose -10*u = -11*u + 10. Suppose m - u = -6. Suppose 4 = -3*c + 34. What is the greatest common divisor of m and c?
2
Let h be (864/(-42))/(-4)*14/1. Let t(i) be the first derivative of i**4/4 - i**3 + 2*i + 1. Let m be t(4). What is the highest common factor of m and h?
18
Let c(z) = -z**3 - 5*z**2 + 4*z - 1. Let i be (-8)/4 + -1*4. Let f be c(i). Let a = 67 - f. What is the highest common divisor of 7 and a?
7
Suppose -3*r + 246 = 3*c, -2*c = -4*r + r - 144. What is the greatest common factor of c and 104?
26
Let k = 108 - 55. Calculate the greatest common divisor of k and 477.
53
Let s = 218 - 118. Suppose 5*t - 9*t = -s. What is the highest common factor of t and 10?
5
Suppose -10 = -0*j - 2*j. Let u be (j - 119/49)*(-28)/(-3). What is the greatest common factor of u and 16?
8
Let d = 122 + -69. Let a = -23 + d. Calculate the highest common divisor of 10 and a.
10
Let q(p) = p**2 - 18*p + 49. Let y be q(15). Suppose -5*f + 120 = y*z - z, -5*z + 200 = 3*f. Calculate the highest common factor of 60 and z.
20
Let d = 1427 - -198. Calculate the greatest common factor of 13 and d.
13
Let r = 51 - 39. Let m = -15 - -19. Calculate the highest common divisor of r and m.
4
Let r(t) = t + 6. Let f be r(-3). Let n(p) = -1 + 1 + 7*p - 2 + f*p. Let i be n(2). Calculate the greatest common divisor of 6 and i.
6
Let l be (-8)/12*(-18)/(-4). Let w(p) = p**2 - 5*p**2 + 3*p**2 - 4*p. Let b be w(l). Calculate the greatest common divisor of b and 3.
3
Suppose 2*a = -2*a + 68. Calculate the greatest common factor of 612 and a.
17
Let z be -144*((-3)/(-9) + -1) - 4. What is the greatest common divisor of z and 1196?
92
Let g(u) = -7*u - 1. Suppose -19 = 4*o - 2*h + 3*h, -2*o - 7 = 3*h. Let f be g(o). Calculate the highest common factor of 2 and f.
2
Let p = 56 - -25. Let d(b) = -b**2 - 4*b + 4. Let s be d(-4). Suppose 5 + s = r. What is the greatest common factor of r and p?
9
Let n(g) = 20*g - 4. Let r be n(11). Suppose -q + 2*z + r = 0, 4*z - z + 636 = 3*q. Calculate the highest common factor of q and 16.
16
Let n(l) = 2*l**2 + 4*l + 2. Let p be n(-3). Let r = p - 1. What is the highest common divisor of r and 49?
7
Let z be -64*9/(-6) + 2 + -2. Let k = z - 1. What is the highest common factor of k and 38?
19
Suppose c = 2*j - 16, -c - 32 = -2*j - 2*j. Suppose q - j = -0. Let y(h) = 8*h - 19. Let p be y(q). What is the greatest common divisor of p and 18?
9
Let i(k) = -4*k + 10 + 5*k + 2. Let p be i(0). Let n be 1152/90*30/4. Calculate the highest common divisor of p and n.
12
Suppose 11*p - 1212 = 9*p - 4*u, 2*u - 4 = 0. What is the greatest common divisor of 14 and p?
14
Let s(d) = -266*d - 38. Let m be s(-1). Calculate the greatest common factor of m and 19.
19
Let p be (-13)/(-1) + -1*1. Let y = 26190 - 26158. Calculate the highest common factor of p and y.
4
Let d = 853 - 749. What is the highest common divisor of 494 and d?
26
Suppose 7*i + 0*i - 1092 = 0. Let h be (2/4 - i/24)/(-1). Calculate the highest common divisor of 36 and h.
6
Suppose 3*h - 3*p - 37 = -h, -2*p = 2*h - 36. What is the greatest common factor of h and 3?
1
Suppose -4*p - z + 54 = 0, -68*p + 73*p - 57 = 4*z. What is the greatest common factor of p and 351?
13
Let d be -12*(15/(-6) + 2). Suppose -d*u = -3*u - 2490. Let n be 2/7 - u/(-35). What is the highest common factor of n and 240?
24
Suppose -822 = -3*z - 39. What is the greatest common divisor of z and 29?
29
Suppose 2*r - 3*f = 1 - 6, -f = 4*r - 11. Suppose 0 = -4*a + 4*i + 16, 5*a = -3*i + 13 + 23. Calculate the greatest common factor of a and r.
2
Let k be -7 + 7 + (9 - -1). Let v(i) = 11*i**2 - 19*i + 5 + 1 + 15*i + i**3. Let x be v(-11). What is the highest common divisor of x and k?
10
Suppose 0 = -4*o - 5*y + 73, 5*o - 75 = y - 4*y. Let q(h) = h**3 - 42*h**2 - 398*h + 92. Let v be q(50). Calculate the greatest common factor of v and o.
12
Let b(a) = a**2 - 6*a - 13. Let k be b(9). What is the highest common factor of 182 and k?
14
Let z(m) = -5*m - 31. Suppose -34 = f - 5*i, -27 = -5*f - 2*i - 116. Let t be z(f). What is the greatest common factor of t and 96?
32
Let b(n) = -n**3 - 9*n**2 + 11*n - 25. Let d be b(-12). Calculate the greatest common factor of d and 11.
11
Let t = 469 + -394. Calculate the highest common divisor of t and 10.
5
Suppose 4*m = -2*m + 12. Let o be (14/35)/(m/10). What is the greatest common divisor of o and 8?
2
Suppose -690 = -5*m + 5*i, 14*m + 3*i - 301 = 12*m. What is the highest common factor of 33 and m?
11
Suppose -163 = -2*u - 2*t - 39, 70 = u - 3*t. Let m be 16/u + 686/8. Calculate the greatest common divisor of m and 129.
43
Let p be -3 + ((-228)/(-57))/((-2)/(-16)). Calculate the greatest common factor of 29 and p.
29
Suppose 15 = -4*h + 175. Let u(c) = 23*c + 211. Let d be u(-9). What is the greatest common divisor of d and h?
4
Suppose 0 = -5*u + 105 + 910. Suppose -2*a + 21 + 37 = 0. Calculate the highest common divisor of a and u.
29
Let t(r) = -2*r**3 + r**2 + r + 2. Let q(m) = m**2 + m - 2. Let p be q(0). Let k = 0 + p. Let b be t(k). Calculate the greatest common divisor of b and 10.
10
Let m be 16/12*(-3315)/(-10). What is the highest common divisor of m and 102?
34
Suppose -87*f = -1410 - 6681. Calculate the highest common divisor of 682 and f.
31
Let p(g) = g**3 + 2 - g**3 + 7*g - 7 - g**3 + 5*g**2. Let n be p(6). Let b = 11 - 7. Calculate the highest common divisor of n and b.
1
Suppose -2*p - z + 105 + 20 = 0, -10 = 2*z. Calculate the greatest common factor of 260 and p.
65
Let s be (-48)/360 + (-62)/(-15). What is the highest common factor of 86 and s?
2
Let l(m) = m**3 + 11*m**2 - 15*m - 32. Let x be l(-8). What is the highest common divisor of x and 80?
40
Suppose -4*q - 73 = 47. Let d be (20/q)/((-2)/6). Suppose d*j - j - 15 = 0. Calculate the greatest common divisor of 45 and j.
15
Let r be 10 + (1 - (-3)/1). Let b(f) = -f - 1. Let v be b(-5). Let x be 82/4 + v/8. Calculate the highest common divisor of x and r.
7
Suppose -r = f - 4*f - 94, 302 = 3*r + f. Suppose -84 = 4*n - 6*n + q, 0 = -4*n + 4*q + 176. What is the greatest common divisor of n and r?
20
Let f = -11 - -24. Suppose 2*